z be 38/(-3) - 2/l. What is the units digit of (5 - 9/1)*z?
2
Suppose -2*v - 95 = 5*x, 3*x - v + 69 = 23. Suppose 8*g - 112 = g. Let j = g - x. What is the tens digit of j?
3
Suppose 5*f = -5*w - 0*f + 20, 2*w = -3*f + 12. Suppose w = 58*p - 63*p + 75. What is the tens digit of p?
1
Suppose 59*r - 204982 = 50*r - 80575. What is the thousands digit of r?
3
Let m = 40 + -40. Suppose -3*l + 5 - 17 = m. What is the tens digit of (-11726)/(-195) + l/30?
6
Suppose -q + 0*q - 29100 = -4*i, -12 = 3*q. What is the units digit of i?
4
Suppose -4 = 2*w - y, 0 = -6*w + 3*w + 5*y - 20. Suppose -4*c + 362 + 710 = w. What is the hundreds digit of c?
2
Suppose -6*n + 18 = 6. Suppose -l + n*g + 196 = 55, -5*g = -5*l + 680. What is the tens digit of l?
3
Suppose 2*o = -s - 3*o + 249, 0 = -4*o. Let a = s + -149. What is the tens digit of -5*(-8)/a*90?
3
Suppose -l - 25 = 2*l - 5*j, 2*l - 2*j = -10. Suppose l = 11*y - 595 - 626. What is the hundreds digit of y?
1
Let k be 150/54 - 14/(-63). Suppose -s - l = -401, s - k*l - 149 - 256 = 0. What is the hundreds digit of s?
4
Let f(r) = -8*r**2 - 406*r - 105. What is the hundreds digit of f(-41)?
0
Suppose 5*i + 4745 = p + 47926, 3*p = i - 8625. What is the thousands digit of i?
8
What is the thousands digit of ((-544)/16 - -19) + 8004?
7
Let r(a) = a**3 + 12*a**2 + 29*a - 10. Let l be r(-8). Suppose -13*o = -l*o + 247. What is the hundreds digit of o?
2
Let s(x) = 22*x**3 + 2*x**2 + 8*x - 4. Suppose 4*z - 9 - 3 = 0. Let j be s(z). Suppose 0*p - 3*p + 822 = 5*g, 4*g = 4*p + j. What is the units digit of g?
2
Let g(p) = 878*p**3 + 2*p - 3. Let m be g(1). Let d = m - 512. What is the units digit of d?
5
Let a(c) = c**3 + 9*c**2 + 11*c + 26. Let i be a(-8). Let f be (-1 - -1) + 4 - i. Suppose -3*s + 9 = -f*s. What is the units digit of s?
9
Let b(q) be the second derivative of q**5/4 - q**4/12 - 10*q**3/3 + q**2 - 44*q - 2. What is the units digit of b(4)?
6
What is the hundreds digit of (-5256)/7*-3*(-56)/(-16)?
8
Suppose 219*l + 47040 + 50628 = 228*l. What is the thousands digit of l?
0
Suppose -11*c + 13842 = -260. Let m = -661 + c. What is the units digit of m?
1
Let w = 2299 + -1502. Suppose -130 = 5*x - 4*t - w, 390 = 3*x + t. What is the units digit of x?
1
Let l(q) = -q**3 + 102*q**2 - 4*q + 42346. What is the units digit of l(0)?
6
Let a be 26 + -18 + (1 - -2 - 1). Suppose 3138 + 112 = a*m. What is the units digit of m?
5
Let p be 45/6 + 2/4. Let n be (-6)/27 + (p/36 - 1). What is the tens digit of 6 + n - (-82)/1?
8
Suppose -2*l - 165*z + 12828 = -168*z, 2*z - 25704 = -4*l. What is the tens digit of l?
2
Let o(h) = 9850*h - 1122. What is the hundreds digit of o(3)?
4
Let u = -276 - -298. Let o(k) = 20*k - 105. What is the tens digit of o(u)?
3
What is the hundreds digit of (((-825)/(-20))/(-11))/(36/(-118080))?
3
Let v be (-102)/(-68)*40/(-6). Let c(h) = -h**3 - 8*h**2 - 32*h - 8. What is the hundreds digit of c(v)?
5
Let w = -22 + 27. Suppose 2*c - 7*c = -4*i - 651, 2*c + w*i = 267. Suppose 2*t = -2*l + 75 + c, -2*l = -3*t + 284. What is the units digit of t?
8
Let y(j) = -j**3 + 16*j**2 - 26*j - 25. Let n be y(14). Suppose -n*h = 3*h - 2088. What is the hundreds digit of h?
3
Let k(x) = x**3 + x**2 + 2*x + 4. Let f be k(4). Let q = 118 + f. What is the tens digit of q?
1
Suppose -66*b + 67*b - 3*m = 41308, -b = m - 41328. What is the thousands digit of b?
1
Let n(k) = 188*k**2 - k + 1. Let i be n(-2). Let c = 1299 - i. Suppose 0 = 5*o + p + 3*p - c, -4*p = 16. What is the tens digit of o?
1
Suppose -12 = 2*s - 18. Let v be ((-30)/4)/(s/144*-9). Let k = 3 + v. What is the units digit of k?
3
Let o(z) = 28*z**3 - 2*z**2 - 9*z + 9. Let l be o(3). Suppose -3*f - 719 = -4*f - 3*s, f - l = -4*s. What is the hundreds digit of f?
7
Let i = -16321 + 26221. What is the thousands digit of i?
9
Let a be -6*-2*(-3)/(-12). Suppose 3*x = a*k + 36, 0*x + 3*k = -4*x + 13. Suppose x*s = 331 + 369. What is the tens digit of s?
0
Let d(i) = 300*i**2 - 45*i + 93. What is the units digit of d(6)?
3
Let o(z) = z**2 + 4*z - 73. Let r be o(-11). Suppose -184 = -y - r*k, -y + 2*k + 418 = y. What is the units digit of y?
4
What is the tens digit of 9/12*(-19603640)/(-210)?
1
What is the ten thousands digit of 209781/3*51/(-34)*14/(-21)?
6
Suppose 21 = -2*k + 35. Suppose 2189 = k*f - 1500. What is the units digit of f?
7
Let v(i) be the third derivative of i**6/120 - 7*i**5/12 - 5*i**4/8 - 35*i**3/2 - 5*i**2 + 5*i. What is the units digit of v(36)?
1
Let q(j) = -3*j**3 - 2*j**2 - 3*j - 2. Let z be q(-1). Suppose 5*r = z*a + 354, r - 6 = -5*a + 81. What is the tens digit of r?
7
Let c(d) = 1 + 18*d**3 - 1219*d**2 + 4*d + 1219*d**2. What is the units digit of c(2)?
3
Suppose -130*z + 2320522 = -9164588. What is the hundreds digit of z?
3
Suppose 300 = -33*h + 28*h. Let u = h + 67. Suppose u*s - 298 = 4*s - 5*x, -542 = -5*s + 3*x. What is the hundreds digit of s?
1
Let y(j) = -j**3 - 2*j**2 + 18*j + 28934. What is the ten thousands digit of y(0)?
2
Suppose 75138 = 7*a - 111958. What is the units digit of a?
8
Suppose 13857 = 2*d + 1467. What is the units digit of d?
5
Suppose -u + 6 = 4*a, 0*u + 3 = 2*u - a. Suppose -3*g - 188 = -2*v + g, 2*v = u*g + 184. Suppose -r + v = 4*r. What is the tens digit of r?
1
Suppose -344 - 88 = 4*r - 5*c, 5*r = 5*c - 535. Let b = r + 100. What is the tens digit of ((-15)/1)/((4/b)/4)?
4
Let p(j) be the second derivative of 31*j**3/6 - 5*j**2/2 - j. Let u be (0 - 2)/(1*(-8)/12). What is the tens digit of p(u)?
8
Let v = -12883 - -15226. What is the hundreds digit of v?
3
Let g(y) = 9*y + 1. Let b be g(3). Suppose -2*x - 76 = -j, -x - 99 = -j - b. Let w = j - -12. What is the units digit of w?
8
Suppose 0 = 2*p - 8, 4*k - 10*p = -14*p + 2028. Let z = k + -59. What is the units digit of z?
4
Suppose -2*c + 2*k = k - 44, 2*c = -2*k + 44. Let x be -5*(6 - 5)/(-1). What is the tens digit of c*(1 - 0)*(x - -4)?
9
What is the hundreds digit of (-1)/(-11) - (-1343544)/561?
3
Suppose -7221 = -2*c - 5*p, 5*p - 8*p = 2*c - 7223. Suppose -18*f = -4451 - c. What is the units digit of f?
8
Let z = 261 - 257. Suppose 2*l - 1649 = -l - u, 2*l - 1116 = -z*u. What is the units digit of l?
8
Let k(a) = -56*a + 7. Let s(g) = g. Let n(c) = k(c) - 5*s(c). Let x be n(-1). Let i = 236 - x. What is the hundreds digit of i?
1
Let r(v) = -2*v**2 - 23*v - 41. Let d be r(-22). Let j = 830 + d. What is the hundreds digit of j?
3
Let o = 9370 - 4574. What is the units digit of o?
6
Suppose -2*h = -5*o - 17, o = -h - 0*o - 9. What is the tens digit of 273 + (2/12)/(h/(-24))?
7
Let z(x) = x**2 - 29*x - 42. Suppose 12*h = 7*h + r + 139, -5*h + 143 = 3*r. Let o be z(h). Let w = o - -250. What is the units digit of w?
0
Suppose 2*h = 8*a - 6*a + 16166, -5*h = a - 40379. What is the tens digit of h?
7
What is the thousands digit of (103088/(-20))/(25/(-75)*(-6)/(-5))?
2
Let u = -728 - -760. What is the tens digit of 48/u + (-111)/(-2)?
5
Suppose -c - 167 = -5*n, 0 = -c + 5*n - 7*n - 167. Let r = c + 87. What is the units digit of (63/14)/((-6)/r)?
0
Let z = 12186 - -4119. What is the units digit of z?
5
Suppose -4355 = -13*v + 4*v + 1405. What is the units digit of v?
0
Let b(v) = 9*v**3 - 14*v**2 - 16*v - 22. What is the tens digit of b(8)?
6
Let n = -34078 + 48911. What is the ten thousands digit of n?
1
Let z = 70291 - 40165. What is the ten thousands digit of z?
3
Suppose -16*w + 14 = -9*w. What is the tens digit of 14/4*(w - -10)?
4
Let d(r) = -5*r + 32. Let t be d(6). Suppose t*h - 5*h = -4*y - 127, 2*y = -h + 39. Suppose -2*l = -2*s + 140, 2*s - 95 - h = 4*l. What is the tens digit of s?
7
Suppose -4*n + 13738 = -16230. What is the hundreds digit of n?
4
What is the tens digit of (-72393)/(-1416)*12*1*74?
9
Let g(h) = -h**3 + 12*h**2 + 22*h - 12. Let t be g(15). Let p = t - -625. What is the units digit of p?
8
Let l(t) be the second derivative of 91*t**3/3 - 7*t**2 - 98*t. What is the units digit of l(1)?
8
Let a be 5 + (-14)/98 + 57/7. Suppose 9559 = a*b + 1369. What is the units digit of b?
0
Let x = 2185 - 2185. Let c be (-7)/(-4) + 1/4. Suppose -2*g + 2 = x, 5*k - g - 326 = -c*g. What is the units digit of k?
5
Let b(l) = l**2 - 17*l - 1. Suppose h - 30 = -2*h. Let q be b(h). Let s = 116 + q. What is the tens digit of s?
4
Let